3131440
What is 7268248 (base 9) in base 3?
21022022021122
12450320 (base 6) to base 3
202212201110
-1060964 (base 10) to base 3
-1222220100222
-2564455 (base 10) to base 2
-1001110010000101100111
-5a4436 (base 15) to base 16
-41e188
9666 (base 14) to base 2
110010101101010
What is 10000011000001110100 (base 2) in base 13?
15a390
What is 2b8da (base 15) in base 8?
422134
Convert -552261 (base 7) to base 14.
-27431
What is 13143012 (base 5) in base 6?
2450303
What is 22411321 (base 5) in base 11?
127989
2403142423 (base 5) to base 6
314203005
What is 2325d (base 15) in base 11?
7709a
Convert -2033433 (base 6) to base 12.
-48879
Convert -35540 (base 6) to base 14.
-1c56
What is -2163a64 (base 12) in base 13?
-141523c
What is 326958 (base 11) in base 10?
521573
Convert -a5700 (base 12) to base 10.
-217008
What is 656303 (base 8) in base 6?
4420055
242c92 (base 15) to base 10
1730837
Convert 17652478 (base 9) to base 3.
121201202112122
Convert 997247 (base 14) to base 15.
6cc6ed
Convert -2214531 (base 6) to base 7.
-642160
Convert 462517 (base 9) to base 5.
32334231
Convert 113304 (base 8) to base 10.
38596
What is 1204557 (base 10) in base 7?
13144554
What is 484240 (base 9) in base 13?
a2a80
What is -20621101 (base 7) in base 11?
-a98169
25889a (base 12) to base 7
5145124
Convert -10101010011001101111 (base 2) to base 5.
-134313332
a3f35 (base 16) to base 12
284759
186201 (base 9) to base 16
1c56a
What is ac59c5 (base 14) in base 9?
12013352
-69a740 (base 11) to base 4
-10033203110
-108927 (base 16) to base 10
-1083687
Convert 51259 (base 10) to base 3.
2121022111
What is 10312202 (base 5) in base 8?
254553
What is 5149a (base 12) in base 8?
317166
Convert 4be35 (base 16) to base 4.
1023320311
7aa376 (base 11) to base 8
4722543
What is 7642a (base 11) in base 7?
641404
What is -c248 (base 16) in base 12?
-24948
What is -ff62 (base 16) in base 7?
-361415
Convert 154452 (base 10) to base 6.
3151020
What is 5250360 (base 8) in base 15?
1c8dbb
What is -754589 (base 11) in base 12?
-4a2310
Convert 136a185 (base 12) to base 15.
517e9b
Convert 605886 (base 11) to base 10.
974023
-422377 (base 10) to base 8
-1470751
Convert 4102044 (base 7) to base 10.
488121
142480 (base 9) to base 14
23a8b
Convert -b2c19 (base 13) to base 14.
-84bb1
Convert -376320 (base 14) to base 16.
-1cfbc8
-3046111 (base 8) to base 3
-1111221120102
What is -14ab764 (base 13) in base 15?
-8ac59d
Convert 163553 (base 8) to base 5.
3343433
-101002010221121 (base 3) to base 16
-51bc6e
Convert 53544724 (base 8) to base 14.
1742776
What is -23333023 (base 5) in base 15?
-43978
What is 50254 (base 9) in base 14?
c064
Convert -1769a3 (base 11) to base 6.
-5502342
Convert -e4fbc (base 16) to base 8.
-3447674
What is -14022048 (base 10) in base 3?
-222101101122010
Convert 102110212021222 (base 3) to base 11.
3496322
Convert -6c0ca5 (base 15) to base 13.
-10bb882
What is 102113120 (base 4) in base 10?
75224
Convert a261a (base 12) to base 15.
42ad7
-6349 (base 11) to base 10
-8402
Convert 44023120 (base 5) to base 6.
12023444
Convert 10032020103 (base 4) to base 5.
240401301
What is -7109a7 (base 13) in base 15?
-36e09a
What is 7def75 (base 16) in base 14?
114ba97
Convert -264238 (base 13) to base 2.
-11100001010111110101
Convert -26626646 (base 7) to base 15.
-3392c5
-11147 (base 16) to base 7
-410651
Convert 13332310 (base 7) to base 12.
4b680a
-200111120021 (base 3) to base 14
-96a11
What is -60a50 (base 12) in base 4?
-132233130
15a5b43 (base 14) to base 8
50403577
-54c8e9 (base 15) to base 10
-4041894
What is 3301435 (base 7) in base 14?
a72c5
Convert 3301000300 (base 5) to base 9.
14230534
400a39 (base 11) to base 5
131123311
What is -3014231 (base 7) in base 10?
-356840
What is -2105531 (base 7) in base 9?
-426478
17fbe (base 16) to base 6
2034450
25572 (base 16) to base 10
152946
Convert 110111010101100000 (base 2) to base 3.
102111220200
Convert 12322223330 (base 4) to base 10.
1813244
Convert 111132012 (base 4) to base 8.
253606
5a7b92 (base 14) to base 16
2f38f4
What is 49416 (base 13) in base 16?
20e38
What is 31540045 (base 6) in base 12?
38a625
Convert -4037b (base 16) to base 15.
-52e0a
What is -23331203101 (base 4) in base 12?
-1072781
What is -1850234 (base 10) in base 14?
-3623d8
12002103121 (base 4) to base 8
6022331
Convert -13458061 (base 9) to base 11.
-3833977
-20163261 (base 7) to base 15
-232949
-6252a (base 11) to base 8
-262011
What is -1126434 (base 10) in base 11?
-6aa341
Convert 203240044 (base 5) to base 3.
1120112000021
Convert 109029 (base 10) to base 5.
11442104
Convert 145152 (base 10) to base 16.
23700
2144424133 (base 5) to base 10
4686168
Convert 25212144 (base 6) to base 10.
810496
Convert 4467372 (base 8) to base 2.
100100110111011111010
Convert -136264 (base 7) to base 8.
-63144
What is -101010100100110011 (base 2) in base 4?
-222210303
Convert -351b2 (base 16) to base 11.
-139478
Convert -2004122 (base 8) to base 13.
-1557b9
282791 (base 14) to base 10
1389963
Convert 212211121200012 (base 3) to base 2.
110000010100110110100100
What is -5741d (base 15) in base 5?
-32341203
-72755 (base 11) to base 5
-11343211
235341 (base 10) to base 7
2000061
What is 3311b (base 16) in base 12?
a1077
-2754989 (base 11) to base 16
-487b72
-1202 (base 13) to base 3
-10110222
-4169464 (base 10) to base 11
-2398642
Convert -a6a48 (base 12) to base 9.
-363642
Convert 802936 (base 13) to base 7.
34204162
55034 (base 16) to base 14
90c84
Convert -130265 (base 8) to base 6.
-545233
2132320123 (base 4) to base 9
1201627
-16a698 (base 11) to base 16
-40380
Convert 43445320 (base 6) to base 11.
806673
101100111100010110 (base 2) to base 4
230330112
What is -1089299 (base 12) in base 10?
-3167829
-756398 (base 11) to base 16
-1272ba
Convert -1747439 (base 15) to base 10.
-16933329
Convert 222112122001 (base 3) to base 15.
a4bd4
Convert 2203140 (base 7) to base 5.
32120033
Convert -256455 (base 11) to base 14.
-a7257
-250437 (base 9) to base 4
-210323131
What is a2a707 (base 11) in base 3?
10010000210122
32320021 (base 4) to base 12
2b321
Convert 2614326 (base 7) to base 2.
1010011000001110000
Convert 148607 (base 12) to base 8.
1244547
What is -32930 (base 14) in base 10?
-122542
Convert -11212010002 (base 3) to base 16.
-1755e
What is -4413330 (base 5) in base 11?
-52193
What is 21222000110202 (base 3) in base 5?
2040412224
What is -226427 (base 8) in base 6?
-1352503
Convert -1590768 (base 10) to base 13.
-4390aa
What is e6813 (base 15) in base 2?
10110010011011000010
What is 2cbb4 (base 13) in base 3?
11100021101
-14401100 (base 5) to base 9
-253225
What is -102455112 (base 6) in base 9?
-3361078
Convert -53291 (base 11) to base 6.
-1354552
-125b244 (base 12) to base 4
-31300202110
What is 1905 (base 12) in base 13?
14c0
What is -221724 (base 9) in base 4?
-200112322
Convert -131321130003 (base 4) to base 2.
-11101111001011100000011
Convert 134872 (base 11) to base 4.
303212101
534423 (base 8) to base 9
301708
Convert 5752755 (base 9) to base 14.
5aba04
Convert -189ac8 (base 13) to base 16.
-97b60
What is 33313023 (base 4) in base 8?
176713
-caba6 (base 15) to base 2
-10011101001100101001
-1631112 (base 8) to base 6
-14035242
347c7 (base 16) to base 2
110100011111000111
What is -104828 (base 15) in base 5?
-144242323
165155 (base 8) to base 5
3410023
Convert -1100ab6 (base 16) to base 15.
-18727de
What is 300032101 (base 4) in base 14?
51da9
Convert -181bc (base 16) to base 6.
-2041100
Convert -475b (base 12) to base 4.
-1330313
What is 3535452 (base 8) in base 3?
1211001022020
What is -1d8f6f (base 16) in base 11?
-1103549
Convert -189723 (base 12) to base 5.
-102300212
Convert -606640 (base 15) to base 5.
-2132443120
What is -252236 (base 8) in base 2?
-10101010010011110
-22332635 (base 7) to base 8
-7317026
What is 410055 (base 7) in base 16?
11025
Convert a269b (base 14) to base 8.
1373461
Convert 10743667 (base 8) to base 16.
23c7b7
-112038 (base 10) to base 12
-54a06
1b1507 (base 16) to base 14
342b55
What is -4123214231 (base 5) in base 4?
-200012013323
-2503317 (base 8) to base 14
-13d5a7
-2616570 (base 8) to base 5
-141302230
What is 22120212112101 (base 3) in base 5?
2132021203
Convert 226413 (base 7) to base 14.
10b7a
What is 167d56 (base 14) in base 8?
3007